l = x - 18174. Is l a prime number?
False
Let w = -4847 - -26961. Is (-45)/(-30)*w/3 a prime number?
True
Let s = -60 + 59. Let r = s + 4. Suppose -11105 = -2*x - r*x. Is x a prime number?
True
Let w(c) = -4*c + 6*c - c + 4 - c**2. Let k be w(3). Let o(g) = 12*g**2 - g + 3. Is o(k) a composite number?
False
Let f(o) = -o + 8. Let z be f(-9). Let j(h) = -h**3 + 22*h**2 + 29*h - 28. Let m be j(23). Let p = z + m. Is p a composite number?
False
Suppose -4*l = 5*a - 102895, 572 = 5*a + 617. Is l a prime number?
False
Suppose -46*c - 6 = -44*c. Let y(g) = -336*g**3 - 8*g**2 - 9*g + 2. Is y(c) prime?
True
Let l(o) = -7*o**3 - 97*o**2 + 86*o - 35. Is l(-33) prime?
True
Suppose 13932 = 2*a + 2*y, -a = a - 3*y - 13932. Let l = a + -3119. Is l a prime number?
True
Let t be -5*(-2)/35*7. Is 6/4 - (-3235)/t prime?
True
Let b be ((-8)/28)/(3/(-14))*3. Suppose 4*f - b = 4. Suppose -5*q + 855 = 4*a - 0*a, -f*a - 2*q + 428 = 0. Is a a composite number?
True
Suppose v - 6 = -0*v. Let g(t) = t**3 - 6*t**2 + 3*t - 18. Let b be g(v). Suppose b = 15*l - 14*l - 985. Is l a composite number?
True
Suppose o = d + 84, 0*d + 5*d + 5*o = -460. Is 12/22 + (-40)/d*13157 prime?
True
Let i be ((43 - 1)/6)/1. Let q(j) = 220*j + 3. Is q(i) prime?
True
Let p be 4 - ((-4)/(-18) + (-748)/(-198)). Suppose -11*y + 8*y + 8709 = p. Is y composite?
False
Let z(d) = -6*d + 21 + d + 17 + 210*d**3 - 29. Is z(2) prime?
False
Suppose 2*h + 4*l = l + 352028, 0 = -4*l - 8. Is h composite?
False
Let s(t) = -t**3 + 2*t**2 - 4*t - 3. Let k be s(8). Let o be (1*-1)/((-2)/(-6)*-1). Is (8/(-24)*o)/(1/k) a prime number?
True
Let y(a) = -13*a - 69. Let j be y(-4). Is 41988/2 + (-10 - j) a composite number?
False
Suppose -4*k + 5*u + 1385036 = -11939006, 4*k + u = 13324054. Is k prime?
False
Let s(i) = -28*i - 1. Let g(x) = 29*x + 1. Let d(z) = 5*g(z) + 4*s(z). Let u be d(1). Suppose 2*c + 4*v = 98, -4*c + 3*c - 5*v = -u. Is c composite?
False
Suppose -2*q + 2*k + 732 = 0, -5*q = -k + 47 - 1861. Suppose 0 = 4*w, 0 = -5*f + 4*f + 3*w + q. Suppose 3030 - f = 4*s. Is s a composite number?
True
Let g be 3/((-18)/(-64))*(-3078)/(-38). Suppose 10247 = 11*a + g. Is a a prime number?
True
Let r be 1944/7 + (-30)/(-105). Suppose -2*c + 184 = -r. Suppose -z - 6*z = -c. Is z a prime number?
False
Let n(o) = -61*o - 1. Let j(t) = t + 1. Let v(c) = -2*j(c) - n(c). Suppose -80 - 20 = -195*k + 95. Is v(k) a prime number?
False
Let j = -802604 + 1502337. Is j a prime number?
True
Suppose -3*r = -m + 32, -4*r - 64 = -2*m - 0*m. Suppose -31*t - m = -29*t. Is 4/t*0 - -2995 a prime number?
False
Let g(z) = 5*z**3 - 7*z**2 + 12*z - 1. Let q(r) = r**3 + r**2 + 1. Let i(p) = g(p) - 4*q(p). Is i(13) a composite number?
True
Is (-12)/3 + -2*193382/(-28) composite?
True
Let i = 841913 + -589636. Is i prime?
True
Suppose 15 = 17*q - 19. Suppose -3*s - 10727 = -2*p, 12*p - q*s = 13*p - 5381. Is p a composite number?
True
Let t(k) be the second derivative of -77*k**3/6 - 81*k**2/2 + 97*k. Is t(-16) a composite number?
False
Let z(j) = 65*j**3 + 4*j**2 + 19*j - 11. Let v(w) = w**2 + 29*w + 61. Let n be v(-27). Is z(n) prime?
True
Suppose 0*j - 7 = -4*n + j, -8 = n + 3*j. Suppose 10*w = -n + 51. Suppose -w*h + 257 = -2178. Is h composite?
False
Let c = -2559 + 1526. Let v = c + 3018. Is v a composite number?
True
Suppose -m + 48060 = -21*m. Let u = -1470 - m. Is u prime?
False
Let j(p) = 463*p**2 + 2*p - 10. Let f be j(-3). Let t be (-51)/(-9) - 2/(-6). Suppose f = t*o + o. Is o composite?
False
Let w(z) = -z - 23. Let s be w(12). Let d = 20 + s. Let j(b) = 6*b**2 + 22*b + 37. Is j(d) prime?
False
Suppose 17900 = 8*x + 100. Suppose 2330 + 6586 = 4*h - 4*w, h - 3*w - x = 0. Is h a composite number?
True
Let j(u) be the first derivative of -3*u**2 + 35395*u - 88. Is j(0) a prime number?
False
Let o(c) = 1 + 3*c**2 - 3*c + 24*c**3 + 0*c + 22*c**3. Suppose 6 = -2*h, -5*h = 7*d - 5*d + 9. Is o(d) composite?
True
Let n = 17202 - -12711. Suppose 2*v - 3*m - 40256 = 19575, v - n = 4*m. Is v prime?
True
Let y = -714 + 1471. Suppose -r - 3*c = -y, 4*r - 3064 = -3*c - 0*c. Is r prime?
True
Is (-180)/90 + (-4)/((-4)/16351) composite?
False
Is 1/(-15) + (-26 - 189101642/(-255)) a composite number?
True
Suppose -5*z + 288 + 234 = r, 0 = -2*r - 2*z + 1020. Let k = 262 + r. Is k a composite number?
False
Suppose 12*l - 5*l = 0. Suppose l = -6*z - 24 - 0. Is 3 - (z + (-4 - 1716)) a composite number?
True
Suppose 1008196 + 57940 = 44*z + 233524. Is z a composite number?
True
Let v = 107 - -97. Suppose 0 = -v*i + 201*i + 70287. Is i prime?
False
Let g = 84 + -82. Suppose -g*t + 14*t - 2436 = 0. Is t a prime number?
False
Let n(f) = f**3 - 2*f**2 - f + 4. Let k be n(2). Suppose 0 = -k*h + 3*h + 3*m + 2746, 0 = 2*h + 5*m + 5496. Is (9/(-21) - -1)*h/(-4) a composite number?
True
Is (-22)/(-2) + (-4955265)/(-15) a composite number?
True
Suppose -8*q + 6*q = 6422. Let u be (-1)/(-4) + q/(-52). Let r = u - 7. Is r a prime number?
False
Suppose -5*q = 172 + 43. Let g = q + 626. Is g prime?
False
Let t(j) = 1727*j + 16. Let n be t(5). Let c = n + -4956. Is c a prime number?
False
Let x(i) be the first derivative of 157*i**2/2 - 107*i + 3. Is x(12) a prime number?
True
Let o(u) = 65373*u + 6913. Is o(10) a composite number?
False
Suppose -5*v + 270541 = 2*t, 22*t - 27*t = -v + 54119. Is v composite?
True
Let y(x) = 18*x**3 - 38*x**2 - 200*x + 67. Is y(27) a composite number?
True
Suppose 0 = -3*a + 2*a + g + 19, 2*a - g - 34 = 0. Suppose -3325 = -a*k + 39650. Suppose -l + 4*l - k = 0. Is l a prime number?
False
Suppose -4*z + 482 = k, 3*z - 590 = -2*z + 5*k. Suppose 5*h - z = 205. Is h a composite number?
True
Let c = -1489 + 2603. Let u = 610 + -608. Suppose c = -u*q + 4*q. Is q composite?
False
Suppose 0 = -5*c + 10*c. Suppose -90 = -5*a - c*a. Let v = a - -93. Is v a prime number?
False
Suppose -m + 4041 = 3*k - 2454, 4*m + 2*k - 25970 = 0. Let h = -9214 + m. Is h/(-4)*(-2)/(-4)*4 a composite number?
False
Is (-32)/(-208) + 10782742/26 a prime number?
True
Suppose -405*g + 348*g = -2370003. Is g a composite number?
False
Is 1/2*(31184 + 74) a prime number?
True
Suppose 53*d + 145809 = 2023016. Is d prime?
True
Suppose -2*i - 1093703 = 5*c - 3043606, -4*c + 1559929 = -5*i. Is c prime?
True
Suppose 0 = 2*o + 6, 0 = -3*d - 5*o + 9*o + 27. Suppose -2*l - 4*x + 44738 = 0, -d*l - 66*x + 68*x + 111857 = 0. Is l a composite number?
True
Let g be (-4 + 8 - 6) + (-3)/(-3). Let l = g + 5. Is 1/l - ((-19055)/20 + 0) a composite number?
False
Is -4 - -6700 - (-12 + 25) composite?
True
Let v = -160 - -154. Is ((-10)/12)/(-5) - 18977/v a prime number?
True
Suppose 0 = -3*a + 32*r - 36*r - 20, -2*a = 5*r + 25. Suppose a = 8*l - 5239 + 815. Is l composite?
True
Let z be ((-112)/88 + (-2)/33)*6/4. Let u(o) = -71*o - 6 - 7 + 0. Is u(z) prime?
False
Suppose -4*h + 132205 = 3*b, -34*b + 36*b = 2*h - 66092. Is h composite?
False
Let p = -90148 - -181839. Is p composite?
False
Let b be (-4)/(16/7) + 2/(-8). Let m be b/8 - 8886/(-24). Suppose m = 3*y - 32. Is y a prime number?
False
Suppose -134*m + 49423733 = 32*m + 25*m. Is m a prime number?
True
Let h(c) = -2453*c**3. Suppose -23 = -4*k - 5*o - 2, 3*k - 7 = -2*o. Is h(k) composite?
True
Let g(z) = 8417*z**3 + 2*z**2 + 2*z - 3. Let l be g(1). Suppose 0 = 2*q + 1820 - l. Is q a composite number?
False
Let o(h) = h**2 + 23. Let a be o(0). Suppose 2*m - m - 131 = -q, -530 = -4*q - 2*m. Suppose -q = -3*u - a. Is u composite?
False
Suppose 240*r - 227*r = 1159483. Is r a prime number?
False
Suppose -2*m + 6 = -3*f, -4*f + 0*m + 3*m = 9. Suppose 2*h = 4*y + 14, y = -2*y + 5*h - 21. Is f + y + 3 - -2266 composite?
False
Let j = 615 + -611. Suppose 5*y + 72 + 550 = 4*v, 5*v = -j*y + 798. Is v prime?
False
Is ((-10)/6 - -2)/(301/3771831) composite?
False
Suppose -j = 5*z - 98701, 65*z - 70*z - 5*j + 98725 = 0. Is z prime?
True
Let b = -1936 - 1205. Let q = b - -9482. Is q prime?
False
Suppose 0 = 3*w + 7 + 2. Let x(o) = o**3 + 5*o**2 + 4*o - 3. Let r be x(w). Suppose -r*j + 5*l + 974 = 0, 4*j = l - 2*l + 1291. Is j composite?
True
Let z = -288930 + 495041. Is z a prime number?
False
Let c(g) = -g**3 - 14*g**2 + 7*g + 6. Let d be ((-45)/12)/((-1)/(-4)). Let p be c(d). Let y = p + -49. Is y a prime number?
False
Let t(y) = 1737*y**